24
Calculate the greatest common divisor of 3304 and 280.
56
Calculate the greatest common divisor of 6766 and 15721.
199
Calculate the greatest common factor of 245577 and 1308.
327
Calculate the highest common divisor of 315 and 58653.
63
Calculate the greatest common factor of 2112189 and 7287.
1041
Calculate the greatest common factor of 421 and 2754182.
421
What is the highest common divisor of 190377 and 3267?
297
What is the highest common divisor of 448 and 7856?
16
What is the highest common factor of 1491426 and 426?
426
Calculate the highest common factor of 225 and 59525.
25
Calculate the highest common factor of 196150 and 175.
25
What is the greatest common divisor of 1095 and 3537580?
365
Calculate the highest common factor of 32 and 33736.
8
Calculate the highest common factor of 135 and 399.
3
Calculate the highest common divisor of 64 and 5611456.
64
What is the greatest common factor of 3162 and 69192?
186
Calculate the greatest common divisor of 675 and 115875.
225
Calculate the highest common factor of 87 and 1522819.
29
What is the greatest common divisor of 182 and 9178?
26
What is the highest common divisor of 1368 and 1987488?
72
What is the highest common factor of 3 and 147?
3
What is the highest common divisor of 16 and 1440752?
16
Calculate the greatest common divisor of 33480 and 32.
8
Calculate the highest common divisor of 74 and 185222.
74
What is the greatest common divisor of 351164 and 6246?
694
Calculate the greatest common factor of 22843 and 212.
53
What is the greatest common divisor of 102404 and 4?
4
Calculate the highest common factor of 6100735 and 5.
5
What is the highest common factor of 9006 and 41001?
237
Calculate the greatest common divisor of 777 and 1129092.
111
Calculate the highest common divisor of 20670 and 2730.
390
What is the greatest common factor of 120 and 4759080?
120
Calculate the highest common factor of 5260 and 60.
20
Calculate the highest common divisor of 4631 and 345641.
421
What is the greatest common divisor of 20821 and 120053?
443
Calculate the greatest common factor of 88 and 56012.
44
Calculate the highest common divisor of 131 and 410423.
131
What is the greatest common factor of 291264 and 1344?
192
What is the greatest common divisor of 5054 and 476?
14
Calculate the greatest common factor of 807 and 987230.
269
Calculate the highest common factor of 7361016 and 936.
312
What is the greatest common divisor of 240317 and 21?
7
Calculate the greatest common factor of 188181 and 5562.
927
What is the highest common factor of 20203 and 1157?
89
What is the highest common divisor of 1037837 and 114?
19
Calculate the greatest common factor of 352 and 63360.
352
Calculate the highest common factor of 5824 and 2240.
448
Calculate the highest common divisor of 464 and 84216.
232
Calculate the highest common factor of 27613 and 6625.
53
Calculate the greatest common factor of 17286 and 2322.
258
Calculate the highest common factor of 120 and 506820.
60
What is the greatest common divisor of 84320 and 17?
17
What is the greatest common divisor of 3146 and 77?
11
What is the greatest common factor of 726176 and 32?
32
Calculate the highest common divisor of 4422 and 10854.
402
Calculate the greatest common factor of 1072 and 41674.
134
What is the highest common divisor of 2540 and 1286510?
1270
Calculate the highest common divisor of 1365 and 3783.
39
What is the greatest common divisor of 137630 and 30?
10
What is the greatest common divisor of 161 and 315?
7
What is the greatest common factor of 2073 and 138?
3
Calculate the greatest common factor of 24366 and 917.
131
What is the highest common factor of 144 and 79848?
72
Calculate the highest common factor of 936 and 125372.
52
Calculate the highest common factor of 338268 and 651.
21
Calculate the greatest common factor of 3640 and 1573.
13
What is the highest common divisor of 60781 and 217?
7
Calculate the greatest common divisor of 120120 and 87516.
1716
What is the greatest common factor of 720 and 682800?
240
What is the highest common factor of 14043 and 302?
151
What is the greatest common divisor of 932266 and 157?
157
What is the highest common factor of 1972 and 69165?
29
Calculate the greatest common factor of 85 and 1255.
5
What is the highest common factor of 56 and 86212?
28
What is the greatest common divisor of 112 and 53137?
7
What is the highest common divisor of 1320 and 792?
264
What is the greatest common factor of 80 and 128530?
10
Calculate the greatest common factor of 181440 and 8190.
630
Calculate the greatest common divisor of 28672 and 20.
4
What is the highest common factor of 305 and 19860?
5
What is the highest common divisor of 7771 and 13243?
19
What is the greatest common factor of 4325 and 450?
25
What is the highest common divisor of 527214 and 6?
6
Calculate the greatest common divisor of 9594 and 442.
26
What is the greatest common factor of 874 and 5016?
38
Calculate the highest common divisor of 6897 and 29051.
209
What is the highest common divisor of 1661971 and 472?
59
What is the greatest common divisor of 936 and 13320?
72
Calculate the highest common factor of 885 and 960.
15
What is the greatest common factor of 1808 and 1256?
8
What is the greatest common divisor of 13526 and 122?
2
What is the greatest common divisor of 22 and 138798?
22
Calculate the greatest common factor of 121 and 8284144.
121
Calculate the highest common factor of 29 and 6269800.
29
What is the highest common factor of 74184 and 8580?
132
What is the greatest common divisor of 4330 and 154?
2
Calculate the greatest common factor of 84480 and 9920.
320
Calculate the highest common divisor of 32 and 22688.
32
Calculate the highest common factor of 14394 and 102.
6
Calculate the greatest common divisor of 86636 and 968.
484
Calculate the greatest common divisor of 3591450 and 900.
450
Calculate the highest common divisor of 132 and 25278.
66
Calculate the greatest common factor of 11262 and 12.
6
Calculate the highest common factor of 3807 and 2867.
47
Calculate the greatest common divisor of 383312 and 272.
16
What is the highest common factor of 96844 and 186?
62
What is the highest common divisor of 12765 and 53280?
555
What is the highest common divisor of 426600 and 27?
27
Calculate the greatest common divisor of 177815 and 106.
53
Calculate the greatest common divisor of 88 and 1224476.
44
What is the greatest common divisor of 296 and 217486?
74
What is the highest common divisor of 307517 and 28?
7
Calculate the highest common factor of 163 and 509375.
163
What is the greatest common divisor of 140 and 14294?
14
What is the greatest common divisor of 123372 and 27?
9
What is the greatest common divisor of 627 and 4818?
33
What is the highest common factor of 435098 and 68?
34
Calculate the greatest common divisor of 6069294 and 406.
406
What is the highest common divisor of 50 and 32150?
50
What is the highest common divisor of 1498 and 614929?
749
Calculate the greatest common divisor of 99 and 170775.
99
Calculate the highest common factor of 132952 and 536.
8
What is the highest common factor of 24311 and 966?
161
Calculate the highest common divisor of 104574 and 29.
29
Calculate the highest common divisor of 1575 and 22365.
315
What is the highest common factor of 22 and 3799576?
22
What is the greatest common factor of 3862 and 1226?
2
Calculate the greatest common factor of 470 and 367.
1
What is the greatest common factor of 86128 and 168?
56
Calculate the greatest common divisor of 74 and 752617.
37
What is the highest common factor of 567977 and 706?
353
What is the greatest common divisor of 728 and 96344?
8
Calculate the highest common factor of 672 and 683616.
96
Calculate the greatest common divisor of 437104 and 204.
68
Calculate the highest common divisor of 24 and 430218.
6
What is the greatest common divisor of 21 and 1545?
3
What is the greatest common divisor of 6862 and 658?
94
What is the greatest common divisor of 110812 and 260?
52
What is the greatest common factor of 66 and 81840?
66
What is the greatest common divisor of 33111 and 143?
13
Calculate the highest common factor of 6475 and 284725.
175
What is the highest common divisor of 1533488 and 176?
176
What is th